 is divided by 521.
451
Calculate the remainder when 101566 is divided by 552.
550
Calculate the remainder when 656246 is divided by 71.
64
Calculate the remainder when 2727 is divided by 2725.
2
Calculate the remainder when 85893 is divided by 308.
269
What is the remainder when 314 is divided by 76?
10
What is the remainder when 19888 is divided by 61?
2
What is the remainder when 15641 is divided by 198?
197
Calculate the remainder when 1907 is divided by 584.
155
What is the remainder when 6231 is divided by 142?
125
What is the remainder when 6925 is divided by 2183?
376
What is the remainder when 867748 is divided by 445?
443
Calculate the remainder when 2573 is divided by 641.
9
Calculate the remainder when 5875 is divided by 367.
3
What is the remainder when 23414 is divided by 35?
34
Calculate the remainder when 1722 is divided by 42.
0
What is the remainder when 51710 is divided by 205?
50
What is the remainder when 21451 is divided by 2143?
21
Calculate the remainder when 25756 is divided by 161.
157
Calculate the remainder when 38237 is divided by 425.
412
Calculate the remainder when 21559 is divided by 490.
489
Calculate the remainder when 73143 is divided by 95.
88
Calculate the remainder when 1790 is divided by 279.
116
What is the remainder when 46022 is divided by 193?
88
Calculate the remainder when 1490545 is divided by 496843.
16
Calculate the remainder when 200232 is divided by 45.
27
Calculate the remainder when 51573 is divided by 511.
473
What is the remainder when 2211 is divided by 172?
147
What is the remainder when 48524 is divided by 24260?
4
Calculate the remainder when 49397 is divided by 30.
17
Calculate the remainder when 875938 is divided by 11.
8
What is the remainder when 1146900 is divided by 29?
8
What is the remainder when 4090 is divided by 236?
78
Calculate the remainder when 345886 is divided by 91.
86
Calculate the remainder when 137621 is divided by 27.
2
What is the remainder when 1398 is divided by 692?
14
Calculate the remainder when 111266 is divided by 61.
2
What is the remainder when 95847 is divided by 363?
15
What is the remainder when 3427 is divided by 13?
8
Calculate the remainder when 2736861 is divided by 1548.
1545
What is the remainder when 15147 is divided by 1574?
981
What is the remainder when 50043 is divided by 1471?
29
What is the remainder when 977073 is divided by 36?
33
What is the remainder when 14015159 is divided by 216?
215
What is the remainder when 683 is divided by 491?
192
Calculate the remainder when 13504 is divided by 421.
32
What is the remainder when 1066 is divided by 296?
178
What is the remainder when 5091 is divided by 67?
66
Calculate the remainder when 237930 is divided by 68.
66
What is the remainder when 120137 is divided by 2036?
13
What is the remainder when 232776 is divided by 31?
28
What is the remainder when 55154 is divided by 90?
74
Calculate the remainder when 3184 is divided by 1153.
878
What is the remainder when 152181 is divided by 111?
0
Calculate the remainder when 38008 is divided by 1807.
61
What is the remainder when 80522 is divided by 2231?
206
Calculate the remainder when 13530 is divided by 94.
88
What is the remainder when 407397 is divided by 14?
11
What is the remainder when 184775 is divided by 106?
17
Calculate the remainder when 14198 is divided by 1227.
701
Calculate the remainder when 682 is divided by 320.
42
What is the remainder when 6210 is divided by 201?
180
Calculate the remainder when 11848 is divided by 918.
832
What is the remainder when 26165 is divided by 290?
65
What is the remainder when 19643 is divided by 37?
33
What is the remainder when 4856 is divided by 24?
8
What is the remainder when 140195 is divided by 74?
39
What is the remainder when 2455 is divided by 309?
292
Calculate the remainder when 2630 is divided by 188.
186
Calculate the remainder when 30047 is divided by 52.
43
Calculate the remainder when 543 is divided by 243.
57
What is the remainder when 6342 is divided by 22?
6
What is the remainder when 5765 is divided by 322?
291
What is the remainder when 12267944 is divided by 308?
304
What is the remainder when 4520 is divided by 562?
24
Calculate the remainder when 1493 is divided by 107.
102
What is the remainder when 9341 is divided by 123?
116
Calculate the remainder when 34156 is divided by 2133.
28
What is the remainder when 82955 is divided by 25?
5
Calculate the remainder when 73782 is divided by 36884.
14
What is the remainder when 95062 is divided by 391?
49
What is the remainder when 1546952 is divided by 18?
14
What is the remainder when 4019 is divided by 243?
131
What is the remainder when 143389 is divided by 40?
29
Calculate the remainder when 20636 is divided by 6877.
5
What is the remainder when 31209 is divided by 803?
695
What is the remainder when 1524 is divided by 323?
232
Calculate the remainder when 38445 is divided by 25.
20
What is the remainder when 2166 is divided by 355?
36
Calculate the remainder when 31172 is divided by 20.
12
What is the remainder when 6208 is divided by 312?
280
Calculate the remainder when 1847 is divided by 427.
139
What is the remainder when 2151 is divided by 171?
99
Calculate the remainder when 3407 is divided by 1196.
1015
Calculate the remainder when 4865 is divided by 9.
5
Calculate the remainder when 2337 is divided by 2044.
293
What is the remainder when 1128895 is divided by 569?
568
What is the remainder when 160801 is divided by 40189?
45
What is the remainder when 62222 is divided by 2823?
116
What is the remainder when 23987 is divided by 23984?
3
What is the remainder when 3114 is divided by 1451?
212
Calculate the remainder when 14597 is divided by 32.
5
What is the remainder when 8631 is divided by 8606?
25
Calculate the remainder when 108811 is divided by 44.
43
Calculate the remainder when 37109 is divided by 375.
359
What is the remainder when 146094 is divided by 448?
46
What is the remainder when 3855 is divided by 386?
381
What is the remainder when 36481 is divided by 36462?
19
Calculate the remainder when 1551758 is divided by 119.
117
What is the remainder when 14302 is divided by 6?
4
Calculate the remainder when 8974 is divided by 1863.
1522
What is the remainder when 32675 is divided by 655?
580
What is the remainder when 24179 is divided by 252?
239
What is the remainder when 6261 is divided by 9?
6
What is the remainder when 33707 is divided by 33?
14
What is the remainder when 4623 is divided by 280?
143
Calculate the remainder when 133515 is divided by 192.
75
What is the remainder when 82526 is divided by 82516?
10
What is the remainder when 267 is divided by 84?
15
Calculate the remainder when 175449 is divided by 29.
28
Calculate the remainder when 318756 is divided by 322.
298
Calculate the remainder when 12009 is divided by 209.
96
What is the remainder when 6034 is divided by 175?
84
Calculate the remainder when 7978 is divided by 12.
10
Calculate the remainder when 72350 is divided by 108.
98
What is the remainder when 22149 is divided by 106?
101
What is the remainder when 7284 is divided by 196?
32
What is the remainder when 78 is divided by 33?
12
What is the remainder when 214711 is divided by 107345?
21
What is the remainder when 33648 is divided by 11205?
33
Calculate the remainder when 646 is divided by 350.
296
What is the remainder when 66569 is divided by 76?
69
What is the remainder when 83038 is divided by 20758?
6
Calculate the remainder when 75706 is divided by 12613.
28
What is the remainder when 450583 is divided by 285?
283
Calculate the remainder when 2646 is divided by 883.
880
Calculate the remainder when 22936 is divided by 13.
4
Calculate the remainder when 78368 is divided by 84.
80
Calculate the remainder when 24966 is divided by 8318.
12
What is the remainder when 122432 is divided by 14?
2
Calculate the remainder when 176511 is divided by 87.
75
What is the remainder when 38724 is divided by 19348?
28
What is the remainder when 183782 is divided by 45945?
2
Calculate the remainder when 17758 is divided by 152.
126
What is the remainder when 26211 is divided by 253?
152
What is the remainder when 19671 is divided by 62?
17
Calculate the remainder when 155543 is divided by 271.